99 - 771?
79328
In base 9, what is -1172678038 + 0?
-1172678038
In base 3, what is 20010 - 1110200011212?
-1110122221202
In base 16, what is -7f85693 - -6?
-7f8568d
In base 3, what is -11 + -21111111112111?
-21111111112122
In base 7, what is -163336233 + 134?
-163336066
In base 3, what is -11 + -110121110122021?
-110121110122102
In base 9, what is 638 - -16103?
16742
In base 9, what is -877305 + 16?
-877278
In base 3, what is 112222201110022 + 110?
112222201110202
In base 15, what is 84a - 20c8?
-177d
In base 9, what is 62 - -10345726?
10345788
In base 13, what is 2b + 29622a4?
2962302
In base 10, what is -5 + -44863777?
-44863782
In base 14, what is 4 + -c4642c7?
-c4642c3
In base 2, what is -10000010100 + 10100101011001?
10010101000101
In base 15, what is -1c1 + 162b8?
160e7
In base 4, what is -1331030201 + 2?
-1331030133
In base 12, what is -1308209 - 92?
-130829b
In base 6, what is -24 - -14103113?
14103045
In base 2, what is -100011101 + -1010010100111?
-1010111000100
In base 16, what is -6ce23 + 17a?
-6cca9
In base 2, what is -1110101110001001 - -1001011100001?
-1101100010101000
In base 16, what is 7ecb + e9?
7fb4
In base 5, what is -132 + -4142333?
-4143020
In base 9, what is 55852454 - 4?
55852450
In base 15, what is 0 + 11d869?
11d869
In base 9, what is 201 + 40042?
40243
In base 11, what is 112a321 - 2a?
112a2a2
In base 7, what is 13312322 + 11?
13312333
In base 2, what is -10 - 1010111110010001110011?
-1010111110010001110101
In base 10, what is -2 + 8716339?
8716337
In base 9, what is 480667 + 74?
480752
In base 13, what is 171032a3 + 3?
171032a6
In base 8, what is 1023 - -100777?
102022
In base 3, what is 1211002211100 + -201?
1211002210122
In base 9, what is 142 + 6134860?
6135112
In base 6, what is -5024032023 + 3?
-5024032020
In base 11, what is 23 - -834698?
834710
In base 13, what is -124 + 133858?
133734
In base 8, what is 154 + -70732?
-70556
In base 6, what is -5 - -5351241?
5351232
In base 5, what is 31 + -2044021101?
-2044021020
In base 2, what is -101 + 10110001111010111011011011?
10110001111010111011010110
In base 2, what is 101101 - -101000101011011000?
101000101100000101
In base 13, what is 14c7 + -ca4?
523
In base 7, what is 4 - -121342542?
121342546
In base 10, what is 0 + -1724538?
-1724538
In base 9, what is -12567 + 30535?
16857
In base 13, what is -b220a2 - 140?
-b22212
In base 12, what is -3 + 811570?
811569
In base 10, what is -5502935 + -1?
-5502936
In base 14, what is 3151 + 79c8?
ab39
In base 14, what is 4 - -1a5b963?
1a5b967
In base 13, what is 4 - -64b26c?
64b273
In base 9, what is 63754 - 1381?
62363
In base 2, what is 100 + -1001010111111101000011000000?
-1001010111111101000010111100
In base 4, what is -110322233 + -1123?
-110330022
In base 14, what is 4d0981 + 5?
4d0986
In base 8, what is -515 + 1153225?
1152510
In base 10, what is -890 + 29195?
28305
In base 11, what is 157a + -632?
a48
In base 9, what is -27 + 1445578?
1445551
In base 7, what is 616344605 - -21?
616344626
In base 4, what is 22300 + 210003103?
210032003
In base 10, what is -3 + -1807688?
-1807691
In base 2, what is 1001011000100100100 - -10101?
1001011000100111001
In base 15, what is 28854 + 43?
28897
In base 14, what is -8 - 47494ca?
-47494d4
In base 11, what is -322 - 11001?
-11323
In base 6, what is 11 + 451212355?
451212410
In base 11, what is 2 - 9467332?
-9467330
In base 14, what is 0 - 115a9a7?
-115a9a7
In base 9, what is -210442 - -10?
-210432
In base 8, what is -4066642 - -156?
-4066464
In base 9, what is 4 + -26406828?
-26406824
In base 8, what is -3703002 - 10?
-3703012
In base 16, what is -2 + 3948d11?
3948d0f
In base 16, what is 272e - c1df?
-9ab1
In base 4, what is 10012023332313 - -10?
10012023332323
In base 5, what is 0 + -142314110100?
-142314110100
In base 10, what is 19543235 + -2?
19543233
In base 3, what is -121022001102102 - 2011?
-121022001111120
In base 6, what is 145523333 + 111?
145523444
In base 5, what is 20 - 4204401003?
-4204400433
In base 6, what is 40100205 - 3?
40100202
In base 14, what is 0 + -5281ab?
-5281ab
In base 14, what is -7212da + 2?
-7212d8
In base 6, what is 10141 + -21354?
-11213
In base 9, what is 431514430 + -5?
431514424
In base 8, what is -14 - 3047063?
-3047077
In base 10, what is 563 + 53479?
54042
In base 3, what is 1111000200001 + 102?
1111000200110
In base 9, what is 716 + -205872?
-205155
In base 2, what is -10110001011010100000 - -1010010?
-10110001011001001110
In base 14, what is 3 - 59b8ca6?
-59b8ca3
In base 16, what is -34e0 - -13da?
-2106
In base 11, what is -4 - -383474?
383470
In base 9, what is -7 - 8802556?
-8802564
In base 12, what is -12a772 + 224?
-12a54a
In base 14, what is 53 + -6d4496?
-6d4443
In base 8, what is 1171333 + -11?
1171322
In base 8, what is 46 + 726261?
726327
In base 10, what is 34 + 2795204?
2795238
In base 13, what is 26797b1 - 0?
26797b1
In base 13, what is -35 + -266a486?
-266a4bb
In base 11, what is 31853 - -260?
32003
In base 14, what is -7192a - -48?
-718c2
In base 6, what is 1 + -103202331333?
-103202331332
In base 2, what is 1111101011101001 + -1000001000011?
1110101010100110
In base 16, what is -3b5d0 + 0?
-3b5d0
In base 11, what is 8241a + -727?
817a3
In base 7, what is -4 - 4214506644?
-4214506651
In base 11, what is -4082a5 + -483?
-408778
In base 11, what is -694a85 + -16?
-694aa0
In base 3, what is 1121101022221 - -2021?
1121101102012
In base 3, what is 12020201201010 + -11?
12020201200222
In base 3, what is 20020 - 120122011?
-120101221
In base 13, what is 4 - 382b38?
-382b34
In base 9, what is 1026 + 1602126?
1603153
In base 11, what is -57136 - -163?
-56a83
In base 16, what is -4 - 6ddd2?
-6ddd6
In base 11, what is -74966 - -142?
-74824
In base 16, what is -18a + -1b66c?
-1b7f6
In base 15, what is 4dc0ea2 + 3?
4dc0ea5
In base 11, what is 293 + 83a02?
84195
In base 11, what is -457051 - -2a4?
-456858
In base 12, what is 11257118 - -3?
1125711b
In base 3, what is -1000 - -110001021111012?
110001021110012
In base 15, what is 1 + -16b41a?
-16b419
In base 11, what is 693a3447 - 2?
693a3445
In base 9, what is -218 - 1547610?
-1547828
In base 4, what is -2 - -30323102233?
30323102231
In base 11, what is 7606644 + 1?
7606645
In base 3, what is -1002020 + -11022111121?
-11100120211
In base 3, what is 20102 - -21000000?
21020102
In base 7, what is 1200461 - 444?
1200014
In base 16, what is 4 + -4858bb?
-4858b7
In base 7, what is -46553650 + -2?
-46553652
In base 12, what is bb + 1582a7?
1583a6
In base 7, what is 2 - 135513002?
-135513000
In base 15, what is 296 + -312ab?
-31015
In base 11, what is 29a903 - 4?
29a8aa
In base 3, what is -10022 + 12102001022?
12101221000
In base 5, what is 2413441342 + 202?
2413442044
In base 7, what is -5425 - 15601?
-24326
In base 8, what is -24 + -4421777?
-4422023
In base 8, what is 232611 - -13771?
246602
In base 15, what is -15b945 + a?
-15b93a
In base 8, what is 5 - -17064064?
17064071
In base 14, what is -2 + -6cdb75c?
-6cdb760
In base 13, what is 1 - b6c36b?
-b6c36a
In base 3, what is -10 - 1120211110111000?
-1120211110111010
In base 6, what is 3102030 + 111?
3102141
In base 2, what is 1000110100000000 + 110100001?
1000111010100001
In base 2, what is 1011000001100001 + -1010100000?
1010110111000001
In base 16, what is -150f135 + 0?
-150f135
In base 12, what is -1558a - -476?
-15114
In base 12, what is -5 - 3632120?
-3632125
In base 12, what is -88 - 224a80?
-224b48
In base 12, what is -998a2260 + 4?
-998a2258
In base 4, what is 11222 + -220100331?
-220023103
In base 13, what is 0 - 1471023b?
-1471023b
In base 6, what is 132241143 + 550?
132242133
In base 13, what is 150a6a9 + -27?
150a682
In base 5, what is 14440 + -121424?
-101434
In base 11, what is 0 + 1705786?
1705786
In base 3, what is -1002120021212 + 1012?
-1002120020200
In base 16, what is 597 - 276d?
-21d6
In base 9, what is -2 + 155882750?
155882747
In base 3, what is 20100 - 111000222?
-110210122
In base 6, what is 4 + 350222240?
350222244
In base 5, what is 22 + -13001201?
-13001124
In base 15, what is -1 - 1c0b47?
-1c0b48
In base 6, what is 4305042544 - -3?
4305042551
In base 3, what is 12112022212 - -1120001?
12120212220
In base 2, what is 10101111 + 1010110011000001?
1010110101110000
In base 11, what is 9a5813856 + 0?
9a5813856
In base 